 the hundred thousands digit of 187995?
1
What is the hundred thousands digit of 516192?
5
What is the thousands digit of 970113?
0
What is the tens digit of 7644551?
5
What is the tens digit of 167682?
8
What is the hundred thousands digit of 6083987?
0
What is the hundreds digit of 97681?
6
What is the tens digit of 87404?
0
What is the units digit of 5237281?
1
What is the thousands digit of 563877?
3
What is the tens digit of 172452?
5
What is the units digit of 2184675?
5
What is the hundred thousands digit of 1161157?
1
What is the units digit of 350399?
9
What is the hundreds digit of 6778143?
1
What is the units digit of 129066?
6
What is the hundred thousands digit of 225573?
2
What is the hundreds digit of 67561?
5
What is the units digit of 9370223?
3
What is the hundreds digit of 2094493?
4
What is the hundred thousands digit of 141743?
1
What is the millions digit of 7202169?
7
What is the hundred thousands digit of 5562086?
5
What is the tens digit of 4969322?
2
What is the tens digit of 32348435?
3
What is the hundred thousands digit of 1695684?
6
What is the hundred thousands digit of 2127634?
1
What is the tens digit of 5809?
0
What is the tens digit of 24927197?
9
What is the ten thousands digit of 28909840?
0
What is the hundreds digit of 15820266?
2
What is the tens digit of 206910?
1
What is the tens digit of 909423?
2
What is the ten thousands digit of 1431807?
3
What is the hundreds digit of 123658?
6
What is the hundred thousands digit of 1080091?
0
What is the hundred thousands digit of 1415087?
4
What is the thousands digit of 211894?
1
What is the hundred thousands digit of 375009?
3
What is the tens digit of 72369?
6
What is the hundred thousands digit of 455147?
4
What is the units digit of 99722?
2
What is the ten thousands digit of 1285421?
8
What is the units digit of 9919315?
5
What is the hundreds digit of 51979?
9
What is the ten thousands digit of 16130006?
3
What is the hundreds digit of 308668?
6
What is the tens digit of 6598680?
8
What is the ten thousands digit of 960704?
6
What is the thousands digit of 3296850?
6
What is the tens digit of 179881?
8
What is the thousands digit of 468950?
8
What is the ten thousands digit of 7116106?
1
What is the hundred thousands digit of 3336953?
3
What is the hundred thousands digit of 1301219?
3
What is the hundred thousands digit of 739158?
7
What is the tens digit of 40606313?
1
What is the thousands digit of 72977?
2
What is the tens digit of 6800776?
7
What is the thousands digit of 911051?
1
What is the thousands digit of 956432?
6
What is the hundreds digit of 536352?
3
What is the hundreds digit of 161110?
1
What is the hundred thousands digit of 536137?
5
What is the units digit of 5058379?
9
What is the ten thousands digit of 3814278?
1
What is the thousands digit of 286067?
6
What is the hundreds digit of 12872423?
4
What is the hundred thousands digit of 282272?
2
What is the ten thousands digit of 448902?
4
What is the units digit of 12789132?
2
What is the thousands digit of 5939480?
9
What is the ten thousands digit of 1133036?
3
What is the ten thousands digit of 814015?
1
What is the tens digit of 1281144?
4
What is the hundred thousands digit of 2703535?
7
What is the hundreds digit of 17934000?
0
What is the hundreds digit of 695474?
4
What is the units digit of 550753?
3
What is the hundred thousands digit of 2695684?
6
What is the units digit of 249044?
4
What is the tens digit of 726408?
0
What is the units digit of 1021035?
5
What is the thousands digit of 321189?
1
What is the ten thousands digit of 3879896?
7
What is the millions digit of 12601574?
2
What is the units digit of 15808266?
6
What is the hundreds digit of 1199556?
5
What is the hundreds digit of 701111?
1
What is the hundreds digit of 37384231?
2
What is the units digit of 4223307?
7
What is the thousands digit of 8355865?
5
What is the ten thousands digit of 1853256?
5
What is the units digit of 8183310?
0
What is the hundreds digit of 508889?
8
What is the units digit of 5943887?
7
What is the ten thousands digit of 4015629?
1
What is the ten thousands digit of 334784?
3
What is the units digit of 4936002?
2
What is the ten thousands digit of 760469?
6
What is the millions digit of 5200106?
5
What is the thousands digit of 6434108?
4
What is the tens digit of 2095861?
6
What is the thousands digit of 7795489?
5
What is the thousands digit of 130453?
0
What is the tens digit of 14641290?
9
What is the hundreds digit of 226259?
2
What is the ten thousands digit of 809253?
0
What is the ten thousands digit of 97371?
9
What is the ten millions digit of 16959591?
1
What is the tens digit of 214691?
9
What is the millions digit of 2377716?
2
What is the hundreds digit of 4929172?
1
What is the hundreds digit of 153627?
6
What is the tens digit of 5644741?
4
What is the tens digit of 1921141?
4
What is the ten millions digit of 25382955?
2
What is the units digit of 2302463?
3
What is the ten thousands digit of 186859?
8
What is the hundred thousands digit of 4855754?
8
What is the hundred thousands digit of 2915545?
9
What is the hundred thousands digit of 1876502?
8
What is the units digit of 120802?
2
What is the units digit of 176598?
8
What is the thousands digit of 4694161?
4
What is the units digit of 5410035?
5
What is the millions digit of 18901215?
8
What is the tens digit of 370202?
0
What is the hundred thousands digit of 2848807?
8
What is the millions digit of 9067024?
9
What is the hundred thousands digit of 552342?
5
What is the ten thousands digit of 1562256?
6
What is the thousands digit of 343169?
3
What is the units digit of 3622557?
7
What is the millions digit of 2394641?
2
What is the hundred thousands digit of 2035283?
0
What is the tens digit of 6757572?
7
What is the tens digit of 7671147?
4
What is the ten thousands digit of 227278?
2
What is the units digit of 2063106?
6
What is the millions digit of 2308170?
2
What is the tens digit of 29468?
6
What is the units digit of 788939?
9
What is the ten thousands digit of 14464405?
6
What is the hundred thousands digit of 1247719?
2
What is the hundreds digit of 155477?
4
What is the millions digit of 35974498?
5
What is the ten thousands digit of 7234882?
3
What is the units digit of 688433?
3
What is the ten thousands digit of 34391?
3
What is the millions digit of 2084195?
2
What is the thousands digit of 496754?
6
What is the ten thousands digit of 58723?
5
What is the hundred thousands digit of 502197?
5
What is the ten thousands digit of 27758030?
5
What is the units digit of 542739?
9
What is the thousands digit of 1667267?
7
What is the ten thousands digit of 22123992?
2
What is the units digit of 2330980?
0
What is the units digit of 3076944?
4
What is the hundreds digit of 191090?
0
What is the units digit of 6505400?
0
What is the hundred thousands digit of 176708?
1
What is the hundred thousands digit of 392229?
3
What is the ten thousands digit of 68070?
6
What is the hundred thousands digit of 392791?
3
What is the units digit of 14747011?
1
What is the units digit of 217507?
7
What is the units digit of 3347830?
0
What is the millions digit of 4703532?
4
What is the ten thousands digit of 109717?
0
What is the ten thousands digit of 11132028?
3
What is the thousands digit of 833417?
3
What is the tens digit of 3867007?
0
What is the tens digit of 2103166?
6
What is the ten thousands digit of 54657?
5
What is the thousands digit of 42549350?
9
What is the tens digit of 2531150?
5
What is the hundreds digit of 2053824?
8
What is the millions digit of 18274549?
8
What is the ten thousands digit of 736804?
3
What is the ten thousands digit of 1472467?
7
What is the tens digit of 40695?
9
What is the hundreds digit of 445208?
2
What is the hundreds digit of 138621?
6
What is the ten thousands digit of 3341994?
4
What is the tens digit of 2125031?
3
What is the units digit of 11689660?
0
What is the units digit of 164864?
4
What is the ten thousands digit of 1018053?
1
What is the tens digit of 87415?
1
What is the units digit of 318761?
1
What is the hundreds digit of 13981?
9
What is the hundreds digit of 762910?
9
What is the thousands digit of 32541150?
1
What is the hundred thousands digit of 